{"id":577,"date":"2025-02-07T18:01:36","date_gmt":"2025-02-07T17:01:36","guid":{"rendered":"https:\/\/mtelektronika.hu\/?page_id=577"},"modified":"2026-01-15T10:22:30","modified_gmt":"2026-01-15T09:22:30","slug":"elementor-577","status":"publish","type":"page","link":"https:\/\/mtelektronika.hu\/?page_id=577","title":{"rendered":"P\u00e1ly\u00e1zatok"},"content":{"rendered":"\t\t<div data-elementor-type=\"wp-page\" data-elementor-id=\"577\" class=\"elementor elementor-577\">\n\t\t\t\t\t\t\t\t\t<section class=\"elementor-section elementor-top-section elementor-element elementor-element-97520cc elementor-section-boxed elementor-section-height-default elementor-section-height-default\" data-id=\"97520cc\" data-element_type=\"section\">\n\t\t\t\t\t\t<div class=\"elementor-container elementor-column-gap-default\">\n\t\t\t\t\t<div class=\"elementor-column elementor-col-100 elementor-top-column elementor-element elementor-element-db19840\" data-id=\"db19840\" data-element_type=\"column\">\n\t\t\t<div class=\"elementor-widget-wrap elementor-element-populated\">\n\t\t\t\t\t\t\t\t<div class=\"elementor-element elementor-element-559e5e1 elementor-invisible elementor-widget elementor-widget-text-editor\" data-id=\"559e5e1\" data-element_type=\"widget\" data-settings=\"{&quot;_animation&quot;:&quot;fadeInLeft&quot;}\" data-widget_type=\"text-editor.default\">\n\t\t\t\t<div class=\"elementor-widget-container\">\n\t\t\t<style>\/*! elementor - v3.12.1 - 02-04-2023 *\/\n.elementor-widget-text-editor.elementor-drop-cap-view-stacked .elementor-drop-cap{background-color:#69727d;color:#fff}.elementor-widget-text-editor.elementor-drop-cap-view-framed .elementor-drop-cap{color:#69727d;border:3px solid;background-color:transparent}.elementor-widget-text-editor:not(.elementor-drop-cap-view-default) .elementor-drop-cap{margin-top:8px}.elementor-widget-text-editor:not(.elementor-drop-cap-view-default) .elementor-drop-cap-letter{width:1em;height:1em}.elementor-widget-text-editor .elementor-drop-cap{float:left;text-align:center;line-height:1;font-size:50px}.elementor-widget-text-editor .elementor-drop-cap-letter{display:inline-block}<\/style>\t\t\t\t<p class=\"MsoNormal\" style=\"margin-bottom: 0cm; text-align: center;\" align=\"center\"><b><span style=\"font-size: 12.0pt; line-height: 107%;\">&nbsp;<\/span><\/b><\/p>\n<p class=\"MsoNormal\" style=\"margin-bottom: 0cm; text-align: center;\" align=\"center\"><b><span style=\"font-size: 12.0pt; line-height: 107%;\">T\u00c1J\u00c9KOZTAT\u00c1S<\/span><\/b><\/p>\n<p class=\"MsoNormal\" style=\"margin-bottom: 0cm; text-align: center;\" align=\"center\"><b><span style=\"font-size: 12.0pt; line-height: 107%;\">a t\u00e1mogat\u00e1sban r\u00e9szes\u00fclt foglalkoztat\u00f3 t\u00e1j\u00e9koztat\u00e1si k\u00f6telezetts\u00e9g\u00e9nek teljes\u00edt\u00e9s\u00e9hez<\/span><\/b><\/p>\n<p class=\"MsoNormal\" style=\"margin-bottom: 0cm; text-align: center;\" align=\"center\"><b><span style=\"font-size: 12.0pt; line-height: 107%;\">&nbsp;<\/span><\/b><\/p>\n<p class=\"MsoNormal\" style=\"margin-bottom: 0cm; text-align: center;\" align=\"center\"><b><span style=\"font-size: 12.0pt; line-height: 107%;\">&nbsp;<\/span><\/b><\/p>\n<p class=\"MsoNormal\" style=\"margin-bottom: 0cm; text-align: justify;\"><b><span style=\"font-size: 12.0pt; line-height: 107%;\">P\u00e1ly\u00e1zat megnevez\u00e9se:<\/span><\/b><\/p>\n<p class=\"MsoNormal\" style=\"text-align: justify; margin: 0cm 0cm 0cm 35.4pt;\"><i><span style=\"font-size: 12.0pt; line-height: 107%;\">GINOP Plusz-3.2.1-21 \u201eA munkav\u00e1llal\u00f3k \u00e9s v\u00e1llalatok alkalmazkod\u00f3k\u00e9pess\u00e9g\u00e9nek \u00e9s termel\u00e9kenys\u00e9g\u00e9nek jav\u00edt\u00e1sa a munkaer\u0151 fejleszt\u00e9s\u00e9n kereszt\u00fcl\u201d<\/span><\/i><\/p>\n<p class=\"MsoNormal\" style=\"text-align: justify; margin: 0cm 0cm 0cm 35.4pt;\"><i><span style=\"font-size: 12.0pt; line-height: 107%;\">&nbsp;<\/span><\/i><\/p>\n<p class=\"MsoNormal\" style=\"margin-bottom: 0cm; text-align: justify;\"><b><span style=\"font-size: 12.0pt; line-height: 107%;\">Kedvezm\u00e9nyezett: <\/span><\/b><\/p>\n<p class=\"MsoNormal\" style=\"text-align: justify; margin: 0cm 0cm 0cm 35.4pt;\"><span style=\"font-size: 12.0pt; line-height: 107%;\">M\u00e9sz\u00e1ros \u00e9s T\u00e1rsa Elektronikai Korl\u00e1tolt Felel\u0151ss\u00e9g\u0171 T\u00e1rsas\u00e1g (sz\u00e9khely: 7632 P\u00e9cs, Megyeri u. 64., ad\u00f3sz\u00e1m: 13939009-2-02)<\/span><\/p>\n<p class=\"MsoNormal\" style=\"text-align: justify; margin: 0cm 0cm 0cm 35.4pt;\"><span style=\"font-size: 12.0pt; line-height: 107%;\">&nbsp;<\/span><\/p>\n<p class=\"MsoNormal\" style=\"margin-bottom: 0cm; text-align: justify;\"><b><span style=\"font-size: 12.0pt; line-height: 107%;\">Projekt azonos\u00edt\u00f3sz\u00e1ma: <\/span><\/b><\/p>\n<p class=\"MsoNormal\" style=\"margin-bottom: 0cm; text-align: justify; text-indent: 35.4pt;\"><span style=\"font-size: 12.0pt; line-height: 107%;\">40251\/36\/00096<\/span><\/p>\n<p class=\"MsoNormal\" style=\"margin-bottom: 0cm; text-align: justify; text-indent: 35.4pt;\"><span style=\"font-size: 12.0pt; line-height: 107%;\">&nbsp;<\/span><\/p>\n<p class=\"MsoNormal\" style=\"margin-bottom: 0cm; text-align: justify;\"><b><span style=\"font-size: 12.0pt; line-height: 107%;\">Szerz\u0151d\u00f6tt t\u00e1mogat\u00e1s \u00f6sszege:<\/span><\/b><\/p>\n<p class=\"MsoNormal\" style=\"margin-bottom: 0cm; text-align: justify;\"><span style=\"font-size: 12.0pt; line-height: 107%;\">&nbsp;&nbsp;&nbsp;&nbsp;&nbsp;&nbsp;&nbsp;&nbsp;&nbsp;&nbsp;&nbsp; K\u00e9pz\u00e9si k\u00f6lts\u00e9g t\u00e1mogat\u00e1s: 8.527.800,- Ft<\/span><\/p>\n<p class=\"MsoNormal\" style=\"margin-bottom: 0cm; text-align: justify;\"><span style=\"font-size: 12.0pt; line-height: 107%;\">&nbsp;&nbsp;&nbsp;&nbsp;&nbsp;&nbsp;&nbsp;&nbsp;&nbsp;&nbsp;&nbsp; Kies\u0151 munkaid\u0151re j\u00e1r\u00f3 b\u00e9rt\u00e1mogat\u00e1s: 5.613.840,- Ft<\/span><\/p>\n<p class=\"MsoNormal\" style=\"margin-bottom: 0cm; text-align: justify;\"><span style=\"font-size: 12.0pt; line-height: 107%;\">&nbsp;<\/span><\/p>\n<p class=\"MsoNormal\" style=\"margin-bottom: 0cm; text-align: justify;\"><b><span style=\"font-size: 12.0pt; line-height: 107%;\">T\u00e1mogat\u00e1s intenzit\u00e1sa:<\/span><\/b><\/p>\n<p class=\"MsoNormal\" style=\"margin-bottom: 0cm; text-align: justify;\"><span style=\"font-size: 12.0pt; line-height: 107%;\">&nbsp;&nbsp;&nbsp;&nbsp;&nbsp;&nbsp;&nbsp;&nbsp;&nbsp;&nbsp;&nbsp; 60%<\/span><\/p>\n<p class=\"MsoNormal\" style=\"margin-bottom: 0cm; text-align: justify;\"><span style=\"font-size: 12.0pt; line-height: 107%;\">&nbsp;<\/span><\/p>\n<p class=\"MsoNormal\" style=\"margin-bottom: 0cm; text-align: justify;\"><b><span style=\"font-size: 12.0pt; line-height: 107%;\">K\u00e9pz\u00e9sek t\u00e9nyleges befejez\u00e9si d\u00e1tuma:<\/span><\/b><\/p>\n<p class=\"MsoNormal\" style=\"margin-bottom: 0cm; text-align: justify;\"><span style=\"font-size: 12.0pt; line-height: 107%;\">&nbsp;&nbsp;&nbsp;&nbsp;&nbsp;&nbsp;&nbsp;&nbsp;&nbsp;&nbsp;&nbsp; 2025.07.18.<\/span><\/p>\n<p class=\"MsoNormal\" style=\"margin-bottom: 0cm; text-align: justify;\"><span style=\"font-size: 12.0pt; line-height: 107%;\">&nbsp;<\/span><\/p>\n<p class=\"MsoNormal\" style=\"margin-bottom: 0cm; text-align: justify;\"><b><span style=\"font-size: 12.0pt; line-height: 107%;\">R\u00e9szletes bemutat\u00e1s:<\/span><\/b><\/p>\n<p class=\"MsoNormal\" style=\"margin-bottom: 0cm; text-align: justify;\"><span style=\"font-size: 12.0pt; line-height: 107%;\">C\u00e9g\u00fcnk a GINOP Plusz-3.2.1-21 \u2013 <i>A munkav\u00e1llal\u00f3k \u00e9s v\u00e1llalatok alkalmazkod\u00f3k\u00e9pess\u00e9g\u00e9nek \u00e9s termel\u00e9kenys\u00e9g\u00e9nek jav\u00edt\u00e1sa a munkaer\u0151 fejleszt\u00e9s\u00e9n kereszt\u00fcl<\/i> c\u00edm\u0171 p\u00e1ly\u00e1zati felh\u00edv\u00e1sra 2024. \u00e9vben T\u00e1mogat\u00e1si K\u00e9relmet ny\u00fajtott be a munkav\u00e1llal\u00f3k tov\u00e1bbk\u00e9pz\u00e9s\u00e9nek\/ szakir\u00e1ny\u00fa ismeret\u00e9nek b\u0151v\u00edt\u00e9se c\u00e9lj\u00e1b\u00f3l, amely k\u00e9relem 2024.08.13-\u00e1n t\u00e1mogat\u00e1sban r\u00e9szes\u00fclt. <\/span><\/p>\n<p class=\"MsoNormal\" style=\"margin-bottom: 0cm; text-align: justify;\"><span style=\"font-size: 12.0pt; line-height: 107%;\">A projekt keret\u00e9ben szervezett k\u00e9pz\u00e9seken a c\u00e9g\u00fcnk tev\u00e9kenys\u00e9ge szempontj\u00e1b\u00f3l n\u00e9lk\u00fcl\u00f6zhetetlen al\u00e1bbi szakmai, soft skill \u00e9s IKT k\u00e9pz\u00e9sek val\u00f3sultak meg:<\/span><\/p>\n<p class=\"MsoNormal\" style=\"margin-bottom: 0cm; text-align: justify;\"><span style=\"font-size: 12pt; text-indent: -18pt; font-family: var( --e-global-typography-accent-font-family ), Sans-serif; font-weight: var( --e-global-typography-accent-font-weight );\">&nbsp;&#8211; Kommunik\u00e1ci\u00f3 k\u00e9pz\u00e9s &#8211; 40 \u00f3r\u00e1ban.<\/span><\/p>\n<p class=\"MsoNormal\" style=\"margin-bottom: 0cm; text-align: justify;\"><span style=\"text-indent: -18pt; font-family: var( --e-global-typography-accent-font-family ), Sans-serif; font-weight: var( --e-global-typography-accent-font-weight ); font-size: 12pt; line-height: 107%;\">&nbsp;&#8211; Munkahelyi kompetenci\u00e1k fejleszt\u00e9se \u2013 Motiv\u00e1ci\u00f3 \u00e9s id\u0151gazd\u00e1lkod\u00e1s k\u00e9pz\u00e9s &#8211; 40 \u00f3r\u00e1ban.<\/span><\/p>\n<p class=\"MsoNormal\" style=\"margin-bottom: 0cm; text-align: justify;\"><span style=\"font-size: 12pt; text-indent: -18pt; font-family: var( --e-global-typography-accent-font-family ), Sans-serif; font-weight: var( --e-global-typography-accent-font-weight );\">&nbsp;&#8211; MS Excel tr\u00e9ning \u2013 18 \u00f3r\u00e1ban.<\/span><\/p>\n<p class=\"MsoNormal\" style=\"margin-bottom: 0cm; text-align: justify;\"><span style=\"text-indent: -18pt; font-family: var( --e-global-typography-accent-font-family ), Sans-serif; font-weight: var( --e-global-typography-accent-font-weight ); font-size: 12pt; line-height: 107%;\">&nbsp;&#8211; MS Excel halad\u00f3 tr\u00e9ning <\/span><span style=\"text-indent: -18pt; font-family: var( --e-global-typography-accent-font-family ), Sans-serif; font-weight: var( --e-global-typography-accent-font-weight ); font-size: 12pt; line-height: 107%;\">\u2013 35 \u00f3r\u00e1ban.<\/span><\/p>\n<p class=\"MsoNormal\" style=\"margin-bottom: 0cm; text-align: justify;\"><span style=\"font-size: 12pt; text-indent: -18pt; font-family: var( --e-global-typography-accent-font-family ), Sans-serif; font-weight: var( --e-global-typography-accent-font-weight );\">&nbsp;&#8211; Munkahelyi hat\u00e9konys\u00e1g n\u00f6vel\u00e9se -Szem\u00e9lyis\u00e9gfejleszt\u00e9s k\u00e9pz\u00e9s &#8211; 50 \u00f3r\u00e1ban.<\/span><\/p>\n<p class=\"MsoNormal\" style=\"margin-bottom: 0cm; text-align: justify;\"><span style=\"font-size: 12.0pt; line-height: 107%;\">&nbsp;<\/span><\/p>\n<p class=\"MsoNormal\" style=\"margin-bottom: 0cm; text-align: justify;\"><b><span style=\"font-size: 12.0pt; line-height: 107%;\">Kommunik\u00e1ci\u00f3 k\u00e9pz\u00e9s:<\/span><\/b><\/p>\n<p class=\"MsoNormal\" style=\"margin-bottom: 0cm; text-align: justify;\"><span style=\"font-size: 12.0pt; line-height: 107%;\">A k\u00e9pz\u00e9s c\u00e9lja olyan kommunik\u00e1ci\u00f3s ismereteket \u00e1tadni \u00e9s gyakoroltatni a r\u00e9sztvev\u0151kkel, amelyek hozz\u00e1seg\u00edtik \u0151ket ahhoz, hogy k\u00e9pesek legyenek b\u00e1tran, magabiztosan \u00e9s eredm\u00e9nyesen kifejezni gondolataikat, v\u00e9lem\u00e9ny\u00fcket, k\u00e9pviselni \u00e9rdekeiket a munkaer\u0151-piacon \u00e9s a mindennapi \u00e9letben, sz\u00f3ban \u00e9s \u00edr\u00e1sban.<\/span><\/p>\n<p class=\"MsoNormal\" style=\"margin-bottom: 0cm; text-align: justify;\"><span style=\"font-size: 12.0pt; line-height: 107%;\">&nbsp;<\/span><\/p>\n<p class=\"MsoNormal\" style=\"margin-bottom: 0cm; text-align: justify;\"><b><span style=\"font-size: 12.0pt; line-height: 107%;\">Munkahelyi kompetenci\u00e1k fejleszt\u00e9se \u2013 Motiv\u00e1ci\u00f3 \u00e9s id\u0151gazd\u00e1lkod\u00e1s k\u00e9pz\u00e9s:<\/span><\/b><\/p>\n<p class=\"MsoNormal\" style=\"margin-bottom: 0cm; text-align: justify;\"><span style=\"font-size: 12.0pt; line-height: 107%;\">A k\u00e9pz\u00e9s c\u00e9lja, hogy a k\u00e9pz\u00e9sben r\u00e9sztvev\u0151 munkav\u00e1llal\u00f3 v\u00e1ljon k\u00e9pess\u00e9 egy\u00e9ni kompetenci\u00e1i felismer\u00e9s\u00e9re, \u00f6nmotiv\u00e1ci\u00f3ra. Legyen k\u00e9pes r\u00f6vid- \u00e9s hossz\u00fa t\u00e1v\u00fa c\u00e9lok meghat\u00e1roz\u00e1s\u00e1ra \u00e9s azok el\u00e9r\u00e9s\u00e9hez feladatok kijel\u00f6l\u00e9s\u00e9re. Legyen k\u00e9pes feladatainak rendszerez\u00e9s\u00e9re, fontoss\u00e1gi sorrendbe \u00e1ll\u00edt\u00e1s\u00e1ra, hat\u00e1rid\u0151k betart\u00e1s\u00e1ra,<\/span><\/p>\n<p class=\"MsoNormal\" style=\"margin-bottom: 0cm; text-align: justify;\"><span style=\"font-size: 12.0pt; line-height: 107%;\">&nbsp;<\/span><\/p>\n<p class=\"MsoNormal\" style=\"margin-bottom: 0cm; text-align: justify;\"><b><span style=\"font-size: 12.0pt; line-height: 107%;\">MS Excel tr\u00e9ning:<\/span><\/b><\/p>\n<p class=\"MsoNormal\" style=\"margin-bottom: 0cm; text-align: justify;\"><span style=\"font-size: 12.0pt; line-height: 107%;\">A k\u00e9pz\u00e9s c\u00e9lja, hogy a kimutat\u00e1sokat k\u00e9sz\u00edt\u0151 munkav\u00e1llal\u00f3k legyenek k\u00e9pesek k\u00fcl\u00f6nb\u00f6z\u0151 adathalmazokb\u00f3l \u00e9rt\u00e9kes inform\u00e1ci\u00f3k l\u00e9trehoz\u00e1s\u00e1ra, egyszer\u0171bb t\u00e1bl\u00e1zatok k\u00e9sz\u00edt\u00e9s\u00e9re, form\u00e1z\u00e1s\u00e1ra, \u00e1ltal\u00e1nos f\u00fcggv\u00e9nyek- \u00e9s k\u00e9pletek alkalmaz\u00e1s\u00e1ra, valamint diagramok k\u00e9sz\u00edt\u00e9s\u00e9re \u00e9s form\u00e1z\u00e1s\u00e1ra.<\/span><\/p>\n<p class=\"MsoNormal\" style=\"margin-bottom: 0cm; text-align: justify;\"><span style=\"font-size: 12.0pt; line-height: 107%;\">&nbsp;<\/span><\/p>\n<p class=\"MsoNormal\" style=\"margin-bottom: 0cm; text-align: justify;\"><b><span style=\"font-size: 12.0pt; line-height: 107%;\">MS Excel halad\u00f3 tr\u00e9ning:<\/span><\/b><\/p>\n<p class=\"MsoNormal\" style=\"margin-bottom: 0cm; text-align: justify;\"><span style=\"font-size: 12.0pt; line-height: 107%;\">A k\u00e9pz\u00e9s c\u00e9lja, hogy a k\u00fcl\u00f6nb\u00f6z\u0151 kimutat\u00e1sokat k\u00e9sz\u00edt\u0151 munkav\u00e1llal\u00f3k legyenek k\u00e9pesek \u00f6sszetettebb t\u00e1bl\u00e1zatok k\u00e9sz\u00edt\u00e9s\u00e9re, form\u00e1z\u00e1s\u00e1ra, \u00e1ltal\u00e1nos \u00e9s k\u00fcl\u00f6nleges f\u00fcggv\u00e9nyek \u00e9s k\u00e9pletek alkalmaz\u00e1s\u00e1ra, valamint diagramok k\u00e9sz\u00edt\u00e9s\u00e9re \u00e9s form\u00e1z\u00e1s\u00e1ra, az adatb\u00e1zisok kezel\u00e9s\u00e9re, az adatelemz\u00e9si technik\u00e1k \u00e9s be\u00e9p\u00fcl\u0151 modulok \u00e9s makr\u00f3k alkalmaz\u00e1s\u00e1ra.<\/span><\/p>\n<p class=\"MsoNormal\" style=\"margin-bottom: 0cm; text-align: justify;\"><span style=\"font-size: 12.0pt; line-height: 107%;\">&nbsp;<\/span><\/p>\n<p class=\"MsoNormal\" style=\"margin-bottom: 0cm; text-align: justify;\"><b><span style=\"font-size: 12.0pt; line-height: 107%;\">Munkahelyi hat\u00e9konys\u00e1g n\u00f6vel\u00e9se -Szem\u00e9lyis\u00e9gfejleszt\u00e9s k\u00e9pz\u00e9s:<\/span><\/b><\/p>\n<p class=\"MsoNormal\" style=\"margin-bottom: 0cm; text-align: justify;\"><span style=\"font-size: 12.0pt; line-height: 107%;\">A k\u00e9pz\u00e9si program \u00e1tfog\u00f3 c\u00e9lja a hat\u00e9kony munkav\u00e9gz\u00e9shez sz\u00fcks\u00e9ges, kooper\u00e1ci\u00f3s, kommunik\u00e1ci\u00f3s k\u00e9szs\u00e9gek elsaj\u00e1t\u00edttat\u00e1sa, fejleszt\u00e9se.<\/span><\/p>\t\t\t\t\t\t<\/div>\n\t\t\t\t<\/div>\n\t\t\t\t\t<\/div>\n\t\t<\/div>\n\t\t\t\t\t\t\t<\/div>\n\t\t<\/section>\n\t\t\t\t<section class=\"elementor-section elementor-top-section elementor-element elementor-element-ee19123 elementor-section-boxed elementor-section-height-default elementor-section-height-default\" data-id=\"ee19123\" data-element_type=\"section\">\n\t\t\t\t\t\t<div class=\"elementor-container elementor-column-gap-default\">\n\t\t\t\t\t<div class=\"elementor-column elementor-col-100 elementor-top-column elementor-element elementor-element-93821ba\" data-id=\"93821ba\" data-element_type=\"column\">\n\t\t\t<div class=\"elementor-widget-wrap elementor-element-populated\">\n\t\t\t\t\t\t\t\t<div class=\"elementor-element elementor-element-a802239 elementor-widget elementor-widget-image\" data-id=\"a802239\" data-element_type=\"widget\" data-widget_type=\"image.default\">\n\t\t\t\t<div class=\"elementor-widget-container\">\n\t\t\t<style>\/*! elementor - v3.12.1 - 02-04-2023 *\/\n.elementor-widget-image{text-align:center}.elementor-widget-image a{display:inline-block}.elementor-widget-image a img[src$=\".svg\"]{width:48px}.elementor-widget-image img{vertical-align:middle;display:inline-block}<\/style>\t\t\t\t\t\t\t\t\t\t\t\t<img loading=\"lazy\" decoding=\"async\" width=\"800\" height=\"207\" src=\"https:\/\/mtelektronika.hu\/wp-content\/uploads\/2025\/02\/MFF-kedvezmenyezetti-infoblokk-1-1024x265.jpg\" class=\"attachment-large size-large wp-image-581\" alt=\"\" srcset=\"https:\/\/mtelektronika.hu\/wp-content\/uploads\/2025\/02\/MFF-kedvezmenyezetti-infoblokk-1-1024x265.jpg 1024w, https:\/\/mtelektronika.hu\/wp-content\/uploads\/2025\/02\/MFF-kedvezmenyezetti-infoblokk-1-300x78.jpg 300w, https:\/\/mtelektronika.hu\/wp-content\/uploads\/2025\/02\/MFF-kedvezmenyezetti-infoblokk-1-768x199.jpg 768w, https:\/\/mtelektronika.hu\/wp-content\/uploads\/2025\/02\/MFF-kedvezmenyezetti-infoblokk-1.jpg 1441w\" sizes=\"auto, (max-width: 800px) 100vw, 800px\" \/>\t\t\t\t\t\t\t\t\t\t\t\t\t\t\t<\/div>\n\t\t\t\t<\/div>\n\t\t\t\t\t<\/div>\n\t\t<\/div>\n\t\t\t\t\t\t\t<\/div>\n\t\t<\/section>\n\t\t\t\t\t\t\t<\/div>\n\t\t","protected":false},"excerpt":{"rendered":"<p>&nbsp; T\u00c1J\u00c9KOZTAT\u00c1S a t\u00e1mogat\u00e1sban r\u00e9szes\u00fclt foglalkoztat\u00f3 t\u00e1j\u00e9koztat\u00e1si k\u00f6telezetts\u00e9g\u00e9nek teljes\u00edt\u00e9s\u00e9hez &nbsp; &nbsp; P\u00e1ly\u00e1zat megnevez\u00e9se: GINOP Plusz-3.2.1-21 \u201eA munkav\u00e1llal\u00f3k \u00e9s v\u00e1llalatok alkalmazkod\u00f3k\u00e9pess\u00e9g\u00e9nek \u00e9s termel\u00e9kenys\u00e9g\u00e9nek jav\u00edt\u00e1sa a munkaer\u0151 fejleszt\u00e9s\u00e9n kereszt\u00fcl\u201d &nbsp; Kedvezm\u00e9nyezett: M\u00e9sz\u00e1ros \u00e9s T\u00e1rsa Elektronikai Korl\u00e1tolt Felel\u0151ss\u00e9g\u0171 T\u00e1rsas\u00e1g (sz\u00e9khely: 7632 P\u00e9cs, Megyeri u. 64., ad\u00f3sz\u00e1m: 13939009-2-02) &nbsp; Projekt azonos\u00edt\u00f3sz\u00e1ma: 40251\/36\/00096 &nbsp; Szerz\u0151d\u00f6tt t\u00e1mogat\u00e1s \u00f6sszege: &nbsp;&nbsp;&nbsp;&nbsp;&nbsp;&nbsp;&nbsp;&nbsp;&nbsp;&nbsp;&nbsp; K\u00e9pz\u00e9si k\u00f6lts\u00e9g [&hellip;]<\/p>\n","protected":false},"author":1,"featured_media":0,"parent":0,"menu_order":0,"comment_status":"closed","ping_status":"closed","template":"","meta":{"footnotes":""},"class_list":["post-577","page","type-page","status-publish","hentry"],"yoast_head":"<!-- This site is optimized with the Yoast SEO plugin v20.5 - https:\/\/yoast.com\/wordpress\/plugins\/seo\/ -->\n<title>P\u00e1ly\u00e1zatok - MT Elektronika<\/title>\n<meta name=\"description\" content=\"MT Elektronika Kft. Elektronika Nagykanizsa. Telekommunik\u00e1ci\u00f3s h\u00e1l\u00f3zat \u00e9p\u00edt\u00e9se. Telefonvezet\u00e9s ki\u00e9p\u00edt\u00e9s. Interneth\u00e1l\u00f3zat ki\u00e9p\u00edt\u00e9se. V\u00e9gpont ki\u00e9p\u00edt\u00e9s. H\u00e1l\u00f3zatszerel\u00e9s. H\u00e1l\u00f3zatkarbantart\u00e1s.\" \/>\n<meta name=\"robots\" content=\"index, follow, max-snippet:-1, max-image-preview:large, max-video-preview:-1\" \/>\n<link rel=\"canonical\" href=\"https:\/\/mtelektronika.hu\/?page_id=577\" \/>\n<meta property=\"og:locale\" content=\"hu_HU\" \/>\n<meta property=\"og:type\" content=\"article\" \/>\n<meta property=\"og:title\" content=\"P\u00e1ly\u00e1zatok - MT Elektronika\" \/>\n<meta property=\"og:description\" content=\"MT Elektronika Kft. Elektronika Nagykanizsa. Telekommunik\u00e1ci\u00f3s h\u00e1l\u00f3zat \u00e9p\u00edt\u00e9se. Telefonvezet\u00e9s ki\u00e9p\u00edt\u00e9s. Interneth\u00e1l\u00f3zat ki\u00e9p\u00edt\u00e9se. V\u00e9gpont ki\u00e9p\u00edt\u00e9s. H\u00e1l\u00f3zatszerel\u00e9s. H\u00e1l\u00f3zatkarbantart\u00e1s.\" \/>\n<meta property=\"og:url\" content=\"https:\/\/mtelektronika.hu\/?page_id=577\" \/>\n<meta property=\"og:site_name\" content=\"MT Elektronika\" \/>\n<meta property=\"article:modified_time\" content=\"2026-01-15T09:22:30+00:00\" \/>\n<meta property=\"og:image\" content=\"https:\/\/mtelektronika.hu\/wp-content\/uploads\/2025\/02\/MFF-kedvezmenyezetti-infoblokk-1-1024x265.jpg\" \/>\n<meta name=\"twitter:card\" content=\"summary_large_image\" \/>\n<meta name=\"twitter:label1\" content=\"Becs\u00fclt olvas\u00e1si id\u0151\" \/>\n\t<meta name=\"twitter:data1\" content=\"2 perc\" \/>\n<script type=\"application\/ld+json\" class=\"yoast-schema-graph\">{\"@context\":\"https:\/\/schema.org\",\"@graph\":[{\"@type\":\"WebPage\",\"@id\":\"https:\/\/mtelektronika.hu\/?page_id=577\",\"url\":\"https:\/\/mtelektronika.hu\/?page_id=577\",\"name\":\"P\u00e1ly\u00e1zatok - MT Elektronika\",\"isPartOf\":{\"@id\":\"https:\/\/mtelektronika.hu\/#website\"},\"datePublished\":\"2025-02-07T17:01:36+00:00\",\"dateModified\":\"2026-01-15T09:22:30+00:00\",\"description\":\"MT Elektronika Kft. Elektronika Nagykanizsa. Telekommunik\u00e1ci\u00f3s h\u00e1l\u00f3zat \u00e9p\u00edt\u00e9se. Telefonvezet\u00e9s ki\u00e9p\u00edt\u00e9s. Interneth\u00e1l\u00f3zat ki\u00e9p\u00edt\u00e9se. V\u00e9gpont ki\u00e9p\u00edt\u00e9s. H\u00e1l\u00f3zatszerel\u00e9s. H\u00e1l\u00f3zatkarbantart\u00e1s.\",\"breadcrumb\":{\"@id\":\"https:\/\/mtelektronika.hu\/?page_id=577#breadcrumb\"},\"inLanguage\":\"hu\",\"potentialAction\":[{\"@type\":\"ReadAction\",\"target\":[\"https:\/\/mtelektronika.hu\/?page_id=577\"]}]},{\"@type\":\"BreadcrumbList\",\"@id\":\"https:\/\/mtelektronika.hu\/?page_id=577#breadcrumb\",\"itemListElement\":[{\"@type\":\"ListItem\",\"position\":1,\"name\":\"Kezd\u0151lap\",\"item\":\"https:\/\/mtelektronika.hu\/\"},{\"@type\":\"ListItem\",\"position\":2,\"name\":\"P\u00e1ly\u00e1zatok\"}]},{\"@type\":\"WebSite\",\"@id\":\"https:\/\/mtelektronika.hu\/#website\",\"url\":\"https:\/\/mtelektronika.hu\/\",\"name\":\"MT Elektronika\",\"description\":\"MT elektronika h\u00e1l\u00f3zat\u00e9p\u00edt\u00e9s\",\"publisher\":{\"@id\":\"https:\/\/mtelektronika.hu\/#organization\"},\"potentialAction\":[{\"@type\":\"SearchAction\",\"target\":{\"@type\":\"EntryPoint\",\"urlTemplate\":\"https:\/\/mtelektronika.hu\/?s={search_term_string}\"},\"query-input\":\"required name=search_term_string\"}],\"inLanguage\":\"hu\"},{\"@type\":\"Organization\",\"@id\":\"https:\/\/mtelektronika.hu\/#organization\",\"name\":\"MT Elektronika\",\"url\":\"https:\/\/mtelektronika.hu\/\",\"logo\":{\"@type\":\"ImageObject\",\"inLanguage\":\"hu\",\"@id\":\"https:\/\/mtelektronika.hu\/#\/schema\/logo\/image\/\",\"url\":\"https:\/\/mtelektronika.hu\/wp-content\/uploads\/2022\/10\/Logo32_512x588.png\",\"contentUrl\":\"https:\/\/mtelektronika.hu\/wp-content\/uploads\/2022\/10\/Logo32_512x588.png\",\"width\":512,\"height\":288,\"caption\":\"MT Elektronika\"},\"image\":{\"@id\":\"https:\/\/mtelektronika.hu\/#\/schema\/logo\/image\/\"}}]}<\/script>\n<!-- \/ Yoast SEO plugin. -->","yoast_head_json":{"title":"P\u00e1ly\u00e1zatok - MT Elektronika","description":"MT Elektronika Kft. Elektronika Nagykanizsa. Telekommunik\u00e1ci\u00f3s h\u00e1l\u00f3zat \u00e9p\u00edt\u00e9se. Telefonvezet\u00e9s ki\u00e9p\u00edt\u00e9s. Interneth\u00e1l\u00f3zat ki\u00e9p\u00edt\u00e9se. V\u00e9gpont ki\u00e9p\u00edt\u00e9s. H\u00e1l\u00f3zatszerel\u00e9s. H\u00e1l\u00f3zatkarbantart\u00e1s.","robots":{"index":"index","follow":"follow","max-snippet":"max-snippet:-1","max-image-preview":"max-image-preview:large","max-video-preview":"max-video-preview:-1"},"canonical":"https:\/\/mtelektronika.hu\/?page_id=577","og_locale":"hu_HU","og_type":"article","og_title":"P\u00e1ly\u00e1zatok - MT Elektronika","og_description":"MT Elektronika Kft. Elektronika Nagykanizsa. Telekommunik\u00e1ci\u00f3s h\u00e1l\u00f3zat \u00e9p\u00edt\u00e9se. Telefonvezet\u00e9s ki\u00e9p\u00edt\u00e9s. Interneth\u00e1l\u00f3zat ki\u00e9p\u00edt\u00e9se. V\u00e9gpont ki\u00e9p\u00edt\u00e9s. H\u00e1l\u00f3zatszerel\u00e9s. H\u00e1l\u00f3zatkarbantart\u00e1s.","og_url":"https:\/\/mtelektronika.hu\/?page_id=577","og_site_name":"MT Elektronika","article_modified_time":"2026-01-15T09:22:30+00:00","og_image":[{"url":"https:\/\/mtelektronika.hu\/wp-content\/uploads\/2025\/02\/MFF-kedvezmenyezetti-infoblokk-1-1024x265.jpg"}],"twitter_card":"summary_large_image","twitter_misc":{"Becs\u00fclt olvas\u00e1si id\u0151":"2 perc"},"schema":{"@context":"https:\/\/schema.org","@graph":[{"@type":"WebPage","@id":"https:\/\/mtelektronika.hu\/?page_id=577","url":"https:\/\/mtelektronika.hu\/?page_id=577","name":"P\u00e1ly\u00e1zatok - MT Elektronika","isPartOf":{"@id":"https:\/\/mtelektronika.hu\/#website"},"datePublished":"2025-02-07T17:01:36+00:00","dateModified":"2026-01-15T09:22:30+00:00","description":"MT Elektronika Kft. Elektronika Nagykanizsa. Telekommunik\u00e1ci\u00f3s h\u00e1l\u00f3zat \u00e9p\u00edt\u00e9se. Telefonvezet\u00e9s ki\u00e9p\u00edt\u00e9s. Interneth\u00e1l\u00f3zat ki\u00e9p\u00edt\u00e9se. V\u00e9gpont ki\u00e9p\u00edt\u00e9s. H\u00e1l\u00f3zatszerel\u00e9s. H\u00e1l\u00f3zatkarbantart\u00e1s.","breadcrumb":{"@id":"https:\/\/mtelektronika.hu\/?page_id=577#breadcrumb"},"inLanguage":"hu","potentialAction":[{"@type":"ReadAction","target":["https:\/\/mtelektronika.hu\/?page_id=577"]}]},{"@type":"BreadcrumbList","@id":"https:\/\/mtelektronika.hu\/?page_id=577#breadcrumb","itemListElement":[{"@type":"ListItem","position":1,"name":"Kezd\u0151lap","item":"https:\/\/mtelektronika.hu\/"},{"@type":"ListItem","position":2,"name":"P\u00e1ly\u00e1zatok"}]},{"@type":"WebSite","@id":"https:\/\/mtelektronika.hu\/#website","url":"https:\/\/mtelektronika.hu\/","name":"MT Elektronika","description":"MT elektronika h\u00e1l\u00f3zat\u00e9p\u00edt\u00e9s","publisher":{"@id":"https:\/\/mtelektronika.hu\/#organization"},"potentialAction":[{"@type":"SearchAction","target":{"@type":"EntryPoint","urlTemplate":"https:\/\/mtelektronika.hu\/?s={search_term_string}"},"query-input":"required name=search_term_string"}],"inLanguage":"hu"},{"@type":"Organization","@id":"https:\/\/mtelektronika.hu\/#organization","name":"MT Elektronika","url":"https:\/\/mtelektronika.hu\/","logo":{"@type":"ImageObject","inLanguage":"hu","@id":"https:\/\/mtelektronika.hu\/#\/schema\/logo\/image\/","url":"https:\/\/mtelektronika.hu\/wp-content\/uploads\/2022\/10\/Logo32_512x588.png","contentUrl":"https:\/\/mtelektronika.hu\/wp-content\/uploads\/2022\/10\/Logo32_512x588.png","width":512,"height":288,"caption":"MT Elektronika"},"image":{"@id":"https:\/\/mtelektronika.hu\/#\/schema\/logo\/image\/"}}]}},"_links":{"self":[{"href":"https:\/\/mtelektronika.hu\/index.php?rest_route=\/wp\/v2\/pages\/577","targetHints":{"allow":["GET"]}}],"collection":[{"href":"https:\/\/mtelektronika.hu\/index.php?rest_route=\/wp\/v2\/pages"}],"about":[{"href":"https:\/\/mtelektronika.hu\/index.php?rest_route=\/wp\/v2\/types\/page"}],"author":[{"embeddable":true,"href":"https:\/\/mtelektronika.hu\/index.php?rest_route=\/wp\/v2\/users\/1"}],"replies":[{"embeddable":true,"href":"https:\/\/mtelektronika.hu\/index.php?rest_route=%2Fwp%2Fv2%2Fcomments&post=577"}],"version-history":[{"count":32,"href":"https:\/\/mtelektronika.hu\/index.php?rest_route=\/wp\/v2\/pages\/577\/revisions"}],"predecessor-version":[{"id":616,"href":"https:\/\/mtelektronika.hu\/index.php?rest_route=\/wp\/v2\/pages\/577\/revisions\/616"}],"wp:attachment":[{"href":"https:\/\/mtelektronika.hu\/index.php?rest_route=%2Fwp%2Fv2%2Fmedia&parent=577"}],"curies":[{"name":"wp","href":"https:\/\/api.w.org\/{rel}","templated":true}]}}